e of -13*m + 11*m**2 + 1/12*m**4 + m**3 + 0. Let t be j(-3). Calculate the greatest common divisor of 39 and t.
13
Let z = 6071 + 1132. Calculate the highest common factor of 147 and z.
147
Let p = 6961 + -6933. Calculate the highest common divisor of p and 1435.
7
Suppose -4*b + 250 = -2*z, 4*b + z - 255 = 4*z. Suppose -1206*t + 75367 = -6748 - 26425. Calculate the highest common factor of t and b.
30
Suppose 0 = -90*j + 85*j. Suppose j*r - 4*r - 20 = 0, -g = 3*r + 11. Calculate the greatest common factor of 10 and g.
2
Let r be ((-15)/(-10))/(3/(-56)). Suppose 3*w + 3*a = 43 + 38, -w + 17 = 3*a. Let c = w + r. Calculate the highest common factor of 16 and c.
4
Let i = -101 - 235. Let n = i + 340. What is the highest common divisor of n and 4?
4
Suppose -q = -2*o - 590, -q - 1175 = -3*q - o. Let s = -822 + 846. What is the greatest common divisor of s and q?
12
Let r = 19296 + -19200. Calculate the highest common divisor of 606 and r.
6
Let i be (-9117)/(-6)*(-2)/3. Let m = -1779 - i. Let d be m/(-22) + (-46)/(-253). What is the greatest common divisor of 35 and d?
35
Suppose -8*y + 25880 + 11712 = 0. What is the highest common factor of y and 37?
37
Let k be -16*(-6)/4 - 0. Suppose 32 = k*h - 16*h. What is the highest common factor of 36 and h?
4
Let o(g) = g**3 - 12*g**2 + 502*g - 5381. Let c be o(11). Suppose -229 = -3*i + 911. What is the greatest common divisor of i and c?
20
Let r = 18130 + -18082. Calculate the greatest common factor of 12960 and r.
48
Suppose -472 = -8*g + 104. Let m be 27*(0 + 0 + 90/27). What is the highest common divisor of m and g?
18
Let p = 10468 + -9658. What is the greatest common factor of 330 and p?
30
Let u be (-7 - 522/(-90))/((-3)/20). Calculate the highest common divisor of 5792 and u.
8
Let v = -1093 + 1109. Suppose 7*p - 4*p = 2*y - 596, 5*p = -2*y + 628. Calculate the greatest common divisor of v and y.
16
Let o be (8 - -2)*(-102)/(-4). Let i = o - 213. What is the highest common factor of i and 12?
6
Let f(t) = -2*t - 1. Let y = 30 + -31. Let c be 1/((-4)/40) - y. Let n be f(c). What is the highest common divisor of 119 and n?
17
Suppose 25*v - 4952 = -1127. Calculate the highest common factor of v and 476.
17
Let p(o) = -15*o - 58. Let t be p(-6). Suppose 126*x = 130*x - t. Calculate the highest common factor of 88 and x.
8
Let o(x) = 2*x**3 - 3*x + 73. Let g be o(0). Let t = g + 56. What is the highest common factor of t and 43?
43
Let w = -609 + 648. What is the highest common divisor of 45 and w?
3
Let t = -285 + 341. Let o be 26/10 + 6/(-10). Suppose -o*x + 6*x = 28. What is the greatest common divisor of t and x?
7
Let a be 5 + 99/(-27) + 4/6. Suppose 4*p - 3*b - 88 = 44, -a*p - b = -76. Suppose 0 = c - 0*c - 9. Calculate the highest common divisor of p and c.
9
Let f(m) = 8*m**2 + 8*m + 0*m**2 + 9*m**2 - 5 - 19*m**2 + 3*m**2. Let l be f(-13). What is the greatest common factor of 45 and l?
15
Let q(o) = -2*o**2 + 16*o - 12. Let l be q(7). Suppose -91 = -4*s - f, -f = 4*s - l*f - 85. Calculate the highest common divisor of 4 and s.
2
Suppose 2000 = -26*q + 11631 + 10727. What is the highest common divisor of 116 and q?
29
Suppose -5*t = 25, 4*a - 10855 = t + 2*t. Calculate the highest common factor of a and 30.
10
Let c = -7327 + 7335. Calculate the greatest common divisor of 19 and c.
1
Suppose -5*x = u + 5, -2*x = 4*u + 8 + 12. Let m(a) = -a**3 - 6*a**2 - 13*a - 36. Let d be m(u). Let r = -1 + 3. What is the highest common factor of d and r?
2
Let h = 5 - 5. Suppose -u + 19 = -h*u. Let g = -3430 - -3506. Calculate the highest common divisor of g and u.
19
Suppose 0 = k + 8*v - 6*v - 5230, 0 = -4*k + 3*v + 20975. What is the greatest common divisor of 60 and k?
20
Let t = 212 + -156. Suppose 29*a - 205 = t. Calculate the greatest common factor of a and 288.
9
Let a(u) be the second derivative of 11*u**3/6 + u**2/2 - u. Let f be a(1). Suppose -7*n = 79 - 264 + 59. What is the greatest common factor of n and f?
6
Let c be (-45)/(-90)*(13 + -3). Suppose -c*b = 23*m - 18*m, 3*b - 18 = 3*m. Suppose 3 - 18 = -3*u. What is the highest common factor of u and b?
1
Let z(n) = 372*n + 1862. Let d be z(-5). What is the highest common factor of 514 and d?
2
Let i(y) = -41*y - 247. Let u be i(-16). Suppose 3791 = 10*j - u. Calculate the greatest common factor of j and 84.
84
Let a = 684 - 626. Suppose -a = 4*d - 738. What is the highest common factor of 34 and d?
34
Suppose 248 = 3*k - 4*w, -3*k + 326 = k - 3*w. Let r be ((-3)/(-4))/1 + (-438)/(-24). Suppose 7*m + 384 = r*m. What is the greatest common factor of k and m?
16
Let z(n) = 50*n + 11. Let o be z(5). Let j(u) = u**2 - 6*u + 2. Let d be j(7). What is the greatest common factor of d and o?
9
Suppose -18*f - 239 = -1967. Let c be 636/14 + f/168. Calculate the greatest common divisor of c and 6.
2
Let o be (10925/(-3))/19*-93. What is the highest common factor of 93 and o?
31
Let r(h) = -h**2 - 23*h + 89. Let j = -217 + 193. Let p be r(j). Calculate the greatest common factor of 52 and p.
13
Let z be ((-28160)/500)/16*-135 - (-4)/5. What is the greatest common divisor of 3230 and z?
34
Let h = 140870 - 140842. Let z be -2 - 5/(10/(-68)). What is the highest common factor of h and z?
4
Let a be 3060/(-153)*((-6)/15 + 1867/(-20)). What is the greatest common divisor of 35 and a?
5
Let l(b) be the second derivative of b**5/20 + b**3/6 + 9*b**2/2 + 6*b + 2. Let p be l(0). Calculate the greatest common divisor of 153 and p.
9
Let z be (-22 - -21) + ((-2)/1 - -212). What is the highest common factor of 152 and z?
19
Suppose 14690 = 341*x - 276*x. What is the highest common factor of 3051 and x?
113
Suppose 2*c + 2 = -32. Let g(a) = -13*a - 113. Let n be g(c). Calculate the greatest common divisor of 12 and n.
12
Let p be 0 - 2 - (10 + -15). Suppose 0 = p*h - 15, -4*j + 5*h + 15 = -140. Calculate the greatest common divisor of j and 45.
45
Let w(t) = -t**3 - 24*t**2 + 25*t + 80. Let x = 94 + -119. Let q be w(x). Calculate the highest common divisor of 128 and q.
16
Let x be ((-2)/4)/(0 - (-11)/(-352)). What is the highest common divisor of x and 752?
16
Let m be (27/6)/(1/(-4)). Let x be (-40)/m*1 + 40/(-180). Suppose -b = -x*b + 9. What is the highest common factor of b and 9?
9
Suppose -24*m + 8*m = -68640. What is the highest common divisor of m and 33?
33
Let n be (0 - 42/28)/(1*(-6)/224). Calculate the greatest common factor of n and 140.
28
Suppose -u + 33 = 30. Suppose -4*t = 20, -u*g - 4*t = 2*g + 5. Let l be (-29 - (1 + g))/((-2)/4). Calculate the greatest common divisor of l and 99.
33
Let d be (2/15*3)/(7/210). Suppose 435 = d*p - 1545. What is the greatest common divisor of p and 33?
33
Suppose 85*b = 34*b + 5151. What is the highest common factor of 2929 and b?
101
Suppose -2777 - 5383 = -32*a. Calculate the highest common divisor of a and 1245.
15
Suppose 2*j - 13*t = -8*t + 177, 0 = -3*j - 4*t + 231. Calculate the greatest common factor of j and 6.
3
Let s = -13077 - -13765. What is the greatest common divisor of s and 192?
16
Let a be 1343/255*(0 - -15). Calculate the highest common factor of a and 2449.
79
Let a be (1*3)/((-4245)/330 + 13). Let f(g) = g**3 + 13*g**2 - 15*g + 8. Let c be f(-14). What is the highest common factor of c and a?
22
Suppose 2*q + 23*t - 26*t = 153, 0 = 5*q - 6*t - 378. Calculate the highest common factor of q and 153.
9
Let v(m) = -12 - 10*m - 11 - 2*m**2 + 5 + m**2. Let u be v(-7). Suppose 3*h = u*w - 0*w + 45, w - 45 = -4*h. What is the greatest common factor of 108 and h?
12
Let d = -2572 - -7069. Calculate the greatest common divisor of d and 6.
3
Let y = -793 - -863. Suppose 0 = o - 408 - 222. What is the greatest common divisor of y and o?
70
Let q be (1*-1 - -4) + -2665 + 5025. What is the highest common factor of 51 and q?
17
Let t(p) = 4 - 5 + 56*p - 3*p**3 - 54*p + 7 + p**2 + 0*p**2. Let a be t(-3). Calculate the highest common divisor of a and 81.
9
Suppose 4*b + 1480 = 5*q, -5*q + 20*b = 15*b - 1480. Suppose 5*r - q = 3*l + 869, 3*r = -5*l + 665. What is the highest common divisor of r and 138?
46
Let z(n) = -3*n**2 + 72*n + 661. Let l be z(30). Suppose 5*g = i + 14, -i + 0*i = -g - 6. Calculate the highest common divisor of i and l.
11
Let i be (-1863)/108 - 2*(-1)/8. Let w be i/((-595)/1240) + 4/